ivided by 45600.
47
What is the remainder when 1313351 is divided by 333?
332
What is the remainder when 1399514 is divided by 1349?
601
What is the remainder when 23451263 is divided by 498963?
2
Calculate the remainder when 11668663 is divided by 119.
118
Calculate the remainder when 122279948 is divided by 4901.
4899
Calculate the remainder when 321748 is divided by 11486.
140
What is the remainder when 279362411 is divided by 7407?
7406
Calculate the remainder when 6858691 is divided by 1024.
963
Calculate the remainder when 274008 is divided by 16089.
495
Calculate the remainder when 1687710 is divided by 6159.
144
Calculate the remainder when 680240 is divided by 433.
430
Calculate the remainder when 287166 is divided by 5413.
277
Calculate the remainder when 11503474 is divided by 37593.
16
Calculate the remainder when 2906513 is divided by 8551.
7724
What is the remainder when 321479516 is divided by 255?
251
What is the remainder when 501267 is divided by 501250?
17
Calculate the remainder when 979995 is divided by 163328.
27
Calculate the remainder when 7085824 is divided by 281.
128
What is the remainder when 90018793 is divided by 7?
4
What is the remainder when 2098303251 is divided by 122?
119
Calculate the remainder when 757187 is divided by 7076.
55
Calculate the remainder when 174530381 is divided by 326225.
6
What is the remainder when 8296709 is divided by 2699?
2682
Calculate the remainder when 1069001108 is divided by 11.
10
What is the remainder when 134774108 is divided by 273?
14
Calculate the remainder when 1842445 is divided by 15226.
99
What is the remainder when 28258428 is divided by 954?
948
Calculate the remainder when 138060 is divided by 46018.
6
Calculate the remainder when 27280 is divided by 5383.
365
What is the remainder when 22253899 is divided by 252885?
19
What is the remainder when 7474609 is divided by 292?
285
What is the remainder when 595832 is divided by 297865?
102
What is the remainder when 15505153 is divided by 107?
104
What is the remainder when 369 is divided by 26?
5
Calculate the remainder when 126175 is divided by 2872.
2679
Calculate the remainder when 32555060 is divided by 16277525.
10
Calculate the remainder when 124724 is divided by 43.
24
Calculate the remainder when 51416832 is divided by 58.
6
Calculate the remainder when 3971096 is divided by 2078.
38
Calculate the remainder when 5549421 is divided by 30830.
21
Calculate the remainder when 15149201 is divided by 1764.
1733
What is the remainder when 341041 is divided by 170491?
59
What is the remainder when 827590 is divided by 75176?
654
Calculate the remainder when 4494083 is divided by 65131.
44
What is the remainder when 22761137 is divided by 4319?
7
Calculate the remainder when 3983941 is divided by 141.
127
Calculate the remainder when 121931 is divided by 3818.
3573
What is the remainder when 9577028 is divided by 44?
32
Calculate the remainder when 39760570 is divided by 2338854.
52
Calculate the remainder when 917158 is divided by 2562.
2524
What is the remainder when 1038188 is divided by 129773?
4
What is the remainder when 1748049 is divided by 278?
263
What is the remainder when 35992 is divided by 8994?
16
Calculate the remainder when 174173 is divided by 34759.
378
What is the remainder when 71819927 is divided by 2087?
2083
What is the remainder when 1242845 is divided by 166?
3
What is the remainder when 2833407 is divided by 147?
129
What is the remainder when 15074079 is divided by 32?
31
What is the remainder when 1409304 is divided by 1070?
114
Calculate the remainder when 2608939 is divided by 1304363.
213
What is the remainder when 31193 is divided by 1254?
1097
Calculate the remainder when 6373526 is divided by 1377.
770
What is the remainder when 1024 is divided by 89?
45
Calculate the remainder when 322085 is divided by 139.
22
Calculate the remainder when 693181 is divided by 891.
874
What is the remainder when 6350 is divided by 589?
460
Calculate the remainder when 156895193 is divided by 5600.
5593
What is the remainder when 4725759 is divided by 1280?
1279
What is the remainder when 603137502 is divided by 1401?
1398
What is the remainder when 364155 is divided by 941?
929
What is the remainder when 2014267 is divided by 220?
167
Calculate the remainder when 1395487 is divided by 3027.
40
Calculate the remainder when 9457 is divided by 4113.
1231
What is the remainder when 10509 is divided by 3039?
1392
What is the remainder when 1113954 is divided by 224?
2
What is the remainder when 48155883 is divided by 1852149?
9
Calculate the remainder when 337490 is divided by 65981.
7585
What is the remainder when 21610311 is divided by 19?
15
Calculate the remainder when 29366989 is divided by 613.
611
What is the remainder when 7711389 is divided by 15?
9
Calculate the remainder when 58913580 is divided by 131.
129
Calculate the remainder when 5903737 is divided by 618.
601
Calculate the remainder when 6636319 is divided by 12110.
39
Calculate the remainder when 37207 is divided by 736.
407
What is the remainder when 104439439 is divided by 50?
39
What is the remainder when 25448325 is divided by 149696?
5
Calculate the remainder when 4320516 is divided by 9392.
196
What is the remainder when 2519218 is divided by 68?
22
What is the remainder when 606168114 is divided by 19?
18
What is the remainder when 498575 is divided by 166136?
167
What is the remainder when 25661 is divided by 3202?
45
What is the remainder when 1616166 is divided by 59852?
162
Calculate the remainder when 4139381 is divided by 872.
869
Calculate the remainder when 59541146 is divided by 62.
4
What is the remainder when 8840369 is divided by 2335?
59
Calculate the remainder when 363177 is divided by 181503.
171
What is the remainder when 3638544 is divided by 1819271?
2
Calculate the remainder when 7456 is divided by 497.
1
Calculate the remainder when 98043527 is divided by 5.
2
Calculate the remainder when 2434745 is divided by 2609.
548
What is the remainder when 5899214 is divided by 137?
131
Calculate the remainder when 336015 is divided by 6188.
1863
What is the remainder when 2220864 is divided by 782?
766
What is the remainder when 1085814 is divided by 843?
30
What is the remainder when 3217842 is divided by 2755?
2
What is the remainder when 4505544 is divided by 4935?
4824
What is the remainder when 1173805203 is divided by 26?
25
What is the remainder when 7342798 is divided by 422?
420
What is the remainder when 4196 is divided by 1201?
593
What is the remainder when 7843771 is divided by 161?
12
Calculate the remainder when 5905475 is divided by 98.
93
Calculate the remainder when 8202154 is divided by 143896.
82
Calculate the remainder when 232669 is divided by 1615.
109
Calculate the remainder when 92867 is divided by 46299.
269
Calculate the remainder when 1995627 is divided by 2261.
1425
Calculate the remainder when 42900 is divided by 586.
122
Calculate the remainder when 88784 is divided by 347.
299
What is the remainder when 67307 is divided by 9782?
8615
What is the remainder when 38726 is divided by 267?
11
What is the remainder when 62562 is divided by 6238?
182
What is the remainder when 1752679 is divided by 141?
49
What is the remainder when 9995 is divided by 9205?
790
Calculate the remainder when 424234 is divided by 355.
9
What is the remainder when 82754709 is divided by 3140?
9
What is the remainder when 2725545 is divided by 1362755?
35
Calculate the remainder when 41794 is divided by 784.
242
Calculate the remainder when 7916424 is divided by 395.
229
Calculate the remainder when 535056 is divided by 48637.
49
What is the remainder when 15582 is divided by 527?
299
What is the remainder when 14153349 is divided by 8?
5
Calculate the remainder when 12254474 is divided by 187.
177
Calculate the remainder when 630090 is divided by 3.
0
Calculate the remainder when 6384997 is divided by 5533.
5448
What is the remainder when 5115355 is divided by 255766?
35
Calculate the remainder when 11743 is divided by 205.
58
What is the remainder when 75259 is divided by 566?
547
What is the remainder when 1466252 is divided by 97?
0
Calculate the remainder when 2609683 is divided by 1643.
599
What is the remai